 d be v(t). Let q(o) = o**3 - 3*o**2 - 6*o + 6. Calculate q(d).
-2
Let p(a) = -19*a + 5 - 28*a - 17*a - 15*a + 78*a. Suppose r - 5 = -0*r. Give p(r).
0
Let f(w) = w**3 - 7*w**2 - 8*w + 6. Let t be 2 + -1 + 0 - -4. Suppose 0 = -2*u + 4*s + 90, -62*u = -63*u + 5*s + 66. Suppose 9 = t*r - u. Calculate f(r).
6
Suppose -88*q + 3*f - 144 = -83*q, -3*q = -5*f + 96. Let r(i) = i + 38. What is r(q)?
11
Let g(h) = -h**2 + 8*h + 6. Let s(x) be the second derivative of -x**4/12 + 17*x**3/3 - 281*x**2/2 + x + 4. Let q be s(17). Determine g(q).
6
Let r be ((-4)/(-5))/((63/(-7))/(-1035)). Let k = 90 - r. Let f(x) be the first derivative of x**2 + x + 31. Calculate f(k).
-3
Let n(h) = -h**2 - 5*h - 3. Let c be (124/8)/((-5)/(-10))*2. Suppose -c*r - 154 = -40*r. Determine n(r).
-17
Let p(s) = -s - 4. Let d be p(-6). Suppose 21 + 12 = 11*b. Let q(o) = 5*o**3 + o - o**2 - 18*o**3 + b*o**d. What is q(-1)?
14
Let z be 2/9 + (-40)/18. Let o(i) be the second derivative of i**7/2520 - i**5/60 - 7*i**4/4 + 211*i. Let y(g) be the third derivative of o(g). Calculate y(z).
2
Let z be ((-15)/(-2))/(((-12)/(-3))/32). Let i(c) = -4*c**2 + 46*c - 1 + c**2 + 4*c**2 - z*c - 9. Give i(13).
-23
Let p = -12 + 31. Let a(v) = 6 - 18*v + 3*v + p*v. Calculate a(-3).
-6
Let t(o) = -4*o - 1. Suppose 10*m - 318 = -1188. Let d = m - -101. Let a be (0 - -2)/(d/(-21)*3). Determine t(a).
3
Let y(q) be the third derivative of q**6/120 + 3*q**5/10 + q**4/8 + 26*q**3/3 - q**2 + 276*q. What is y(-18)?
-2
Let d be (-52)/(-7 + 3 + 0). Suppose -91*s + 78*s = d. Let i(l) = -5*l**3 - l**2 - 3*l - 2. Calculate i(s).
5
Let z(k) = -4*k**3 - 3*k**2 - 64 + 1502*k - 1500*k + 68. Calculate z(-1).
3
Let l(r) = r**2 - 5*r - 1. Let y be l(6). Let g = y - -2. Let b(t) be the first derivative of -t**4/4 + 8*t**3/3 - 4*t**2 - 3572. Calculate b(g).
-7
Let p(y) = 192*y + 2510. Let u be p(-13). Let j(d) = -d**3 + 14*d**2 - 3*d + 30. Calculate j(u).
-12
Let s be ((-2)/4*1)/((-2)/12). Let o(j) = j**2 + 2*j + 1. Let l(w) = 3*w**2 + 5*w + 2. Let y(q) = -2*l(q) + 5*o(q). What is y(s)?
-8
Let b(u) = -11*u - 3. Let k(l) = -l + 1. Let y(p) = b(p) - 6*k(p). Let f(m) = 2*m - 2 - 6*m + 3*m. Let r(t) = -26*f(t) + 6*y(t). Give r(-2).
6
Let m(t) = t**2 - 8*t + 4. Suppose 0 = 23*o + o - 96. Suppose 3*f + 5*g = 6*f - 38, o*g = 2*f - 28. Determine m(f).
-8
Let y be (4/(-10))/((-7)/(-140)). Let f(g) = -150 + 80 + g**2 + 7*g + 70. Let n be f(y). Let r(s) = -s**2 + 7*s. Determine r(n).
-8
Let r(i) = i**2 + 3*i + 6. Let u = -28 - -11. Let b = 0 - u. Suppose b - 29 = 3*n. What is r(n)?
10
Let q(w) be the first derivative of -w**3/3 + 17*w**2 - 43*w - 5983. Determine q(34).
-43
Let b(y) be the first derivative of y**3/3 + 11*y**2/2 - 110*y - 2287. What is b(6)?
-8
Let r(q) = q**3 + 6*q**2 + 3*q. Let i be 108/9 + -18 + 1. Determine r(i).
10
Let b(q) = -24*q**2 + 4*q + 28. Let d(u) = -24*u**2 + 4*u + 23. Let h(z) = -4*b(z) + 5*d(z). Calculate h(2).
-85
Let j(m) = -m**3 - m**2 + 1. Let g(q) = 3*q**3 + q - 5. Let x(o) = -g(o) - 4*j(o). Let b be 2/((-40)/15)*4. Let i be (b/(-3) + 0)/((-5)/20). Give x(i).
5
Let d(n) = -3*n**2 + n + 1. Let z(g) = -4 + 0 - 6 - 5*g + 0 + 8*g**2. Let u(r) = 3*d(r) + z(r). Give u(-6).
-31
Let j(q) = q + 17. Let l = -8089 + 8075. Determine j(l).
3
Let x be (-81 - -80)*(-2 + 3)/(1/17). Let v(f) = -f**2 - 14*f + 10. Calculate v(x).
-41
Let t(b) be the second derivative of 13/24*b**4 + 0 + 1/6*b**3 + 0*b**2 - 12*b + 1/120*b**5. Let v(m) be the second derivative of t(m). Calculate v(-6).
7
Let b(r) = 2*r**3 - 6*r + 2. Let v(i) = -5*i**3 + 17*i - 5. Let g = -73 - -84. Let q(k) = g*b(k) + 4*v(k). What is q(-1)?
-2
Let o(x) = -x**2 + 2*x - x - x - 4 - x. Let q(y) = 2*y - 39. Let b(k) = -3*k + 40. Let h(v) = 4*b(v) + 5*q(v). Let z be h(-16). What is o(z)?
-10
Suppose 4*q - 2*p - 22 = 0, 20 = 11*p - 15*p. Let d(n) = 5*n - 2*n + 3 - 7*n. What is d(q)?
-9
Let i(u) = 3*u + 7. Let f(x) = 59*x**3 - 1 - 51 + 2*x + 54*x**3 + 23*x**2 - 114*x**3. Let w be f(23). Determine i(w).
-11
Let b(z) = z + 2. Let y(w) be the first derivative of -5*w**2/2 - 44*w + 230. Let p be y(-7). Determine b(p).
-7
Let p(a) = -a**2 + 5*a + 2. Let i be (-20 - 0)/4*(-4)/10. Determine p(i).
8
Let t(w) = w**3 - 15*w**2 - 35*w + 20. Let b be 201/12 - 6/(-24). Let h be t(b). Let y be (-3)/h + 3 - 3. Let k(l) = -22*l**2 + 1. Give k(y).
-21
Suppose -12*i = -79 + 103. Let j(f) = -3 - 20*f + 4 + 0. Give j(i).
41
Suppose 19*p - 23 - 15 = 0. Let l(o) = -3 - p*o + 23 - 11 - 5. Calculate l(-6).
16
Let d(m) = m + 40. Let o be ((-2070)/(-1725))/(6/28*(-4)/15). Give d(o).
19
Let d = -11 + 16. Let c(f) = 11 + 17 + 19 + 10 - f**2 - 47. What is c(d)?
-15
Let x(a) = -75*a**2 - a**3 + 89*a**2 - 20*a**2 - 2*a. Calculate x(-5).
-15
Suppose -2*h = -13 + 45. Let t(k) = -k**3 - 15*k**2 + 16*k - 2. Let l be t(h). Let g be -6*(l + -1 - -4). Let y(z) = -z**2 - 7*z + 1. Determine y(g).
7
Let n(m) = -m**3 - 7*m**2 + 11*m - 3. Let z(v) = -v + 50. Let w be z(59). What is n(w)?
60
Suppose -3*t - 3*y - 1 = -22, -2*y = -2*t + 6. Suppose -16*l = -21*l - t. Let p be (-3)/3*-6 - l. Let x(z) = -z**2 + 7*z. Give x(p).
0
Let q(y) = -13*y - 189. Suppose -111*g - 119*g - 3220 = 0. Give q(g).
-7
Let s(r) = r**3 - 22*r**2 - 25*r + 56. Let h(l) = -l**2 - 216*l + 3984. Let i be h(17). Calculate s(i).
10
Let o(w) = -w**2 - 11*w - 11. Let c(q) = q - 8. Let s(l) = l. Let a(g) = 3*c(g) - 6*s(g). Let z be a(-5). What is o(z)?
7
Let g(j) = -11*j - 2350. Let q(d) = 3*d + 747. Let c(w) = 6*g(w) + 19*q(w). Determine c(8).
21
Let z be 1*(-2)/12 + 516/72. Let v(q) = q + 4*q + 0*q - 6*q - z*q. Give v(1).
-8
Let c(p) = -4*p - 15. Let s be c(-3). Let o(d) = 3 + 2*d**2 - 9 + 2*d + 3 - d. What is o(s)?
12
Suppose 52 = -489*k + 485*k. Let u(i) = -11*i + 740 + 2*i**2 - 3*i**2 - 722. Determine u(k).
-8
Let o(p) = p - 5. Suppose 0 = 2*v + 4*f - 12, 0 = -0*v + v - f. Let k(i) = -i + 2. Let s(z) = v*o(z) + 5*k(z). Suppose -3*c - 3 = 6. Determine s(c).
9
Suppose -2*d + 12 = 2*x, -2*x - 16 = d - 6*d. Let s(v) = -11*v + 2*v**x + 8*v + 3*v. What is s(1)?
2
Let h(r) be the second derivative of -3/2*r**2 - 2*r + 1/2*r**3 - 18 - 5/12*r**4. What is h(2)?
-17
Let t = -15506 - -46523/3. Let v(i) be the third derivative of 1/6*i**5 + 0 - 2*i**2 - 1/120*i**6 - 1/3*i**4 - t*i**3 + 0*i. Calculate v(9).
-1
Let c(m) be the first derivative of -m**3/3 + 11*m**2/2 - 24*m + 13553. Calculate c(2).
-6
Suppose -8*p + 204 - 92 = 0. Suppose 121*j = 114*j - p. Let v(i) = -i**3 - 4*i**2 + i + 1. What is v(j)?
-9
Let o(y) = y**3 + 7*y**2 - 20*y - 22. Suppose 14319*z - 14301*z + 162 = 0. Calculate o(z).
-4
Let h(d) = 48*d**3 + 44*d**2 + 15*d - 15. Let c(m) = 35*m**3 + 32*m**2 + 11*m - 11. Let p(o) = -11*c(o) + 8*h(o). What is p(2)?
-9
Let g(b) = -2*b + 2. Let v be g(3). Let n(x) = 18321*x**2 - 266 + 4*x - 18320*x**2 + 263. Calculate n(v).
-3
Let r = -41 + 45. Suppose -14 = r*p - 2*d, 0*p - 3*d = 4*p - 1. Let q(h) be the second derivative of h**4/12 + h**3/2 - h**2 + 170*h. Determine q(p).
-4
Let d be (-6*6/(-45))/((-14)/(-35)). Let g(w) = -w - 2*w**d + 1 + 0*w**3 + 4 + 2*w**3 - 3. Let i be 420/(-245) - 2*(-2)/(-14). What is g(i)?
-20
Suppose 0 = 34*i - 47*i - 78. Let a be i - 10/(-2) - (-5 - 1). Let h(y) = y. What is h(a)?
5
Let o = 70 + -67. Suppose 5*n + o*j = 98, 3*n - 54 = j + 2*j. Suppose -4*b + 4*s + 0 = -44, b - n = 3*s. Let d(z) = z**2 - 8*z + 5. Give d(b).
-2
Let h(d) = -6*d + 4091 + 168*d**2 - 169*d**2 - 4082. Let y = 16 + -24. Determine h(y).
-7
Let b(j) = 2*j - 1. Suppose -115*h + 42 = -129*h. Give b(h).
-7
Let k(c) = 5*c - 1. Let q(p) = -7*p - 4. Let o(g) = -k(g) - q(g). Determine o(-8).
-11
Suppose 2*j + 21 = o, -4*j = -0*j - 4*o + 36. Let a(z) = z**2 + 14*z + 26. Let l be a(j). Let m(k) = 8*k**2 + 7*k + k + 43*k**3 - 42*k**3 + l. Determine m(-7).
-5
Let a(j) = 57*j - 157. Let x(n) = 282*n - 772. Let c(t) = 16*a(t) - 3*x(t). Give c(3).
2
Let r(z) = 310 + 3*z + 7*z**2 - 312 - 3*z + z**3. Let f = 20 + -18. Let k be f/(-4 + 2)*7/1. Give r(k).
-2
Let z(b) = -3*b**2 - 2 - b**3 - 7 + 8*b**2 + 8*b. Let d be 56/(-616)*121*(-1 + 15/33). Calculate z(d).
3
Let b(j) = -2*j**2 + 12*j - 1. Let n(i) = 6*i**2 - 41*i + 3. Let l(s) = -7*b(s) - 2*n(s). Let k be 6/(-9) + (-44)/(-12). What is l(k)?
13
Let p(z) = -6*z - 5. Suppose 22*r = -13*r + 13*r. Dete